{"id":124,"date":"2022-06-30T10:33:36","date_gmt":"2022-06-30T10:33:36","guid":{"rendered":"https:\/\/hiilipuu-prod-22.atm.helsinki.fi\/hiilipuu\/?page_id=124"},"modified":"2022-06-30T10:33:37","modified_gmt":"2022-06-30T10:33:37","slug":"bakgrund","status":"publish","type":"page","link":"https:\/\/www.hiilipuu.fi\/index.php\/sv\/bakgrund\/","title":{"rendered":"Bakgrund"},"content":{"rendered":"\n<div class=\"wp-block-columns is-layout-flex wp-container-core-columns-is-layout-9d6595d7 wp-block-columns-is-layout-flex\">\n<div class=\"wp-block-column is-layout-flow wp-block-column-is-layout-flow\">\n<p>Koltr\u00e4d \u00e4r ett samarbete mellan Atmosf\u00e4r forskningscentrum (INAR), <a href=\"http:\/\/www.helsinki.fi\/skogsvetenskaper\/\" target=\"_blank\" rel=\"noreferrer noopener\">Institutionen f\u00f6r Skogsvetenskaper Helsingfors universitet<\/a>, mjukvaruf\u00f6retaget Simosol Oy och konstn\u00e4ren <a href=\"http:\/\/www.terikehaapoja.net\/\" target=\"_blank\" rel=\"noreferrer noopener\">Terike Haapaoja<\/a>.<\/p>\n\n\n\n<p>Atmosf\u00e4r forskningscentrum (INAR) st\u00f6der tv\u00e4rvetenskaplig forskning om meteorologi och klimatf\u00f6r\u00e4ndringar. INAR fungerar som en knutpunkt f\u00f6r nationell och internationell forskningssamverkan och f\u00f6rvaltade SMEAR stationer och tillh\u00f6rande forskningsprogram.<\/p>\n\n\n\n<p>Samarbeten mellan INAR och Institutionen f\u00f6r Skogsvetenskaper \u00e4r exceptionellt tv\u00e4rvetenskaplig forskning om milj\u00f6- och klimatf\u00f6r\u00e4ndringsfr\u00e5gor som r\u00f6r till exempel kolbalans tr\u00e4d och skogar. PhD Liisa Kulmala har ansvarat f\u00f6r det vetenskapliga inneh\u00e5llet. Dr Nuria Altimir och Dr Pasi Kolari har deltagit i genomf\u00f6randet av inneh\u00e5llet. Pasi Kolari har ocks\u00e5 expert p\u00e5 ekologisk modellering. Den Koltr\u00e4d projektet leds av Dr Eija Juurola.<\/p>\n\n\n\n<p>Sajten har genomf\u00f6rts av Simosol Oy som fokuserar p\u00e5 utveckling av skogsv\u00e5rdsbeslutsst\u00f6dssystem. Kombinationen av en h\u00f6g grad av dator kunskap och skogsrelaterade beslutsfattande kompetens erbjuder ett bredare utbud av alternativ. Ivaylo Dzhedzhev byggde Koltr\u00e4d animation med hj\u00e4lp av <a href=\"http:\/\/flintparticles.org\/\" target=\"_blank\" rel=\"noreferrer noopener\">partikelsystemet Flint<\/a> av Richard Lord.<\/p>\n\n\n\n<p>Grafisk formgivare Merja Jaskara har utformat den grafiska layouten.<\/p>\n\n\n\n<p>Terike Haapaoja har design av den animering f\u00f6r koldioxidfl\u00f6det.<\/p>\n\n\n\n<p>Den f\u00f6rsta versionen av Koltr\u00e4d finansierades av Finlands Society f\u00f6r skogsvetenskap och den lanserades 2009 n\u00e4r s\u00e4llskapet firade sitt 100-\u00e5rsjubileum. Utvecklingen av de nya Koltr\u00e4d webbplats och Interactive Koltr\u00e4d installation finansieras av Vetenskapliga information F\u00f6rening.<\/p>\n<\/div>\n\n\n\n<div class=\"wp-block-column is-layout-flow wp-block-column-is-layout-flow\">\n<figure class=\"wp-block-image size-full\"><img loading=\"lazy\" decoding=\"async\" width=\"384\" height=\"1089\" src=\"https:\/\/hiilipuu-prod-22.atm.helsinki.fi\/hiilipuu\/wp-content\/uploads\/2022\/06\/logos-2.jpg\" alt=\"\" class=\"wp-image-125\"\/><\/figure>\n<\/div>\n<\/div>\n","protected":false},"excerpt":{"rendered":"<p>Koltr\u00e4d \u00e4r ett samarbete mellan Atmosf\u00e4r forskningscentrum (INAR), Institutionen f\u00f6r Skogsvetenskaper Helsingfors universitet, mjukvaruf\u00f6retaget Simosol Oy och konstn\u00e4ren Terike Haapaoja. Atmosf\u00e4r forskningscentrum (INAR) st\u00f6der tv\u00e4rvetenskaplig forskning om meteorologi och klimatf\u00f6r\u00e4ndringar. INAR fungerar som en knutpunkt f\u00f6r nationell och internationell forskningssamverkan och f\u00f6rvaltade SMEAR stationer och tillh\u00f6rande forskningsprogram. Samarbeten mellan INAR och Institutionen f\u00f6r Skogsvetenskaper \u00e4r&hellip;&nbsp;<a href=\"https:\/\/www.hiilipuu.fi\/index.php\/sv\/bakgrund\/\" rel=\"bookmark\">Read More &raquo;<span class=\"screen-reader-text\">Bakgrund<\/span><\/a><\/p>\n","protected":false},"author":1,"featured_media":0,"parent":0,"menu_order":0,"comment_status":"closed","ping_status":"open","template":"","meta":{"neve_meta_sidebar":"","neve_meta_container":"","neve_meta_enable_content_width":"","neve_meta_content_width":0,"neve_meta_title_alignment":"","neve_meta_author_avatar":"","neve_post_elements_order":"","neve_meta_disable_header":"","neve_meta_disable_footer":"","neve_meta_disable_title":"","footnotes":""},"class_list":["post-124","page","type-page","status-publish","hentry"],"_links":{"self":[{"href":"https:\/\/www.hiilipuu.fi\/index.php\/wp-json\/wp\/v2\/pages\/124","targetHints":{"allow":["GET"]}}],"collection":[{"href":"https:\/\/www.hiilipuu.fi\/index.php\/wp-json\/wp\/v2\/pages"}],"about":[{"href":"https:\/\/www.hiilipuu.fi\/index.php\/wp-json\/wp\/v2\/types\/page"}],"author":[{"embeddable":true,"href":"https:\/\/www.hiilipuu.fi\/index.php\/wp-json\/wp\/v2\/users\/1"}],"replies":[{"embeddable":true,"href":"https:\/\/www.hiilipuu.fi\/index.php\/wp-json\/wp\/v2\/comments?post=124"}],"version-history":[{"count":1,"href":"https:\/\/www.hiilipuu.fi\/index.php\/wp-json\/wp\/v2\/pages\/124\/revisions"}],"predecessor-version":[{"id":126,"href":"https:\/\/www.hiilipuu.fi\/index.php\/wp-json\/wp\/v2\/pages\/124\/revisions\/126"}],"wp:attachment":[{"href":"https:\/\/www.hiilipuu.fi\/index.php\/wp-json\/wp\/v2\/media?parent=124"}],"curies":[{"name":"wp","href":"https:\/\/api.w.org\/{rel}","templated":true}]}}