{"id":588,"date":"2022-09-16T11:21:55","date_gmt":"2022-09-16T11:21:55","guid":{"rendered":"https:\/\/hiilipuu-prod-22.atm.helsinki.fi\/hiilipuu\/?page_id=588"},"modified":"2022-09-16T11:39:58","modified_gmt":"2022-09-16T11:39:58","slug":"svar-fragesport","status":"publish","type":"page","link":"https:\/\/www.hiilipuu.fi\/index.php\/sv\/svar-fragesport\/","title":{"rendered":"Sv\u00e5r fr\u00e5gesport"},"content":{"rendered":"\n<div id=\"watu_quiz\" class=\"quiz-area \">\n<form action=\"\" method=\"post\" class=\"quiz-form \" id=\"quiz-7\" >\n<div class='watu-question' id='question-1'><div class='question-content'><p><span class='watu_num'>1. <\/span>Bladytan v\u00e4xer d\u00e5 skogen blir gammal, vilket leder till att skogens totala assimilationsavkastning sjunker.<\/p>\n<\/div><input type='hidden' name='question_id[]' value='66' \/><div class='watu-questions-wrap '><input type='hidden' name='answer_ids[]' class='watu-answer-ids' value='416' \/><div class='watu-question-choice'><input type='radio' name='answer-66[]' id='answer-id-416' class='answer answer-1  answerof-66' value='416' \/>&nbsp;<label for='answer-id-416' id='answer-label-416' class=' answer label-1'><span class='answer'>Sant<\/span><\/label><\/div>\n<input type='hidden' name='answer_ids[]' class='watu-answer-ids' value='417' \/><div class='watu-question-choice'><input type='radio' name='answer-66[]' id='answer-id-417' class='answer answer-1  answerof-66' value='417' \/>&nbsp;<label for='answer-id-417' id='answer-label-417' class=' answer label-1'><span class='answer'>Falskt<\/span><\/label><\/div>\n<\/div><input type='hidden' id='questionType1' value='radio' class=''><\/div><div class='watu-question' id='question-2'><div class='question-content'><p><span class='watu_num'>2. <\/span>D\u00e5 markens fuktighet sjunker f\u00e5r det klyv\u00f6ppningarna att sluta sig, vilket g\u00f6r fotosyntesen l\u00e5ngsammare.<\/p>\n<\/div><input type='hidden' name='question_id[]' value='67' \/><div class='watu-questions-wrap '><input type='hidden' name='answer_ids[]' class='watu-answer-ids' value='418' \/><div class='watu-question-choice'><input type='radio' name='answer-67[]' id='answer-id-418' class='answer answer-2  answerof-67' value='418' \/>&nbsp;<label for='answer-id-418' id='answer-label-418' class=' answer label-2'><span class='answer'>Sant<\/span><\/label><\/div>\n<input type='hidden' name='answer_ids[]' class='watu-answer-ids' value='419' \/><div class='watu-question-choice'><input type='radio' name='answer-67[]' id='answer-id-419' class='answer answer-2  answerof-67' value='419' \/>&nbsp;<label for='answer-id-419' id='answer-label-419' class=' answer label-2'><span class='answer'>Falskt<\/span><\/label><\/div>\n<\/div><input type='hidden' id='questionType2' value='radio' class=''><\/div><div class='watu-question' id='question-3'><div class='question-content'><p><span class='watu_num'>3. <\/span>D\u00e5 VPD \u00f6kar blir assimilationen l\u00e5ngsammare eftersom v\u00e4xten tillsluter sina klyv\u00f6ppningar.<\/p>\n<\/div><input type='hidden' name='question_id[]' value='68' \/><div class='watu-questions-wrap '><input type='hidden' name='answer_ids[]' class='watu-answer-ids' value='420' \/><div class='watu-question-choice'><input type='radio' name='answer-68[]' id='answer-id-420' class='answer answer-3  answerof-68' value='420' \/>&nbsp;<label for='answer-id-420' id='answer-label-420' class=' answer label-3'><span class='answer'>Sant<\/span><\/label><\/div>\n<input type='hidden' name='answer_ids[]' class='watu-answer-ids' value='421' \/><div class='watu-question-choice'><input type='radio' name='answer-68[]' id='answer-id-421' class='answer answer-3  answerof-68' value='421' \/>&nbsp;<label for='answer-id-421' id='answer-label-421' class=' answer label-3'><span class='answer'>Falskt<\/span><\/label><\/div>\n<\/div><input type='hidden' id='questionType3' value='radio' class=''><\/div><div class='watu-question' id='question-4'><div class='question-content'><p><span class='watu_num'>4. <\/span>Luften \u00e4r fuktig d\u00e5 VPD-v\u00e4rdet \u00e4r h\u00f6gt.<\/p>\n<\/div><input type='hidden' name='question_id[]' value='69' \/><div class='watu-questions-wrap '><input type='hidden' name='answer_ids[]' class='watu-answer-ids' value='422' \/><div class='watu-question-choice'><input type='radio' name='answer-69[]' id='answer-id-422' class='answer answer-4  answerof-69' value='422' \/>&nbsp;<label for='answer-id-422' id='answer-label-422' class=' answer label-4'><span class='answer'>Sant<\/span><\/label><\/div>\n<input type='hidden' name='answer_ids[]' class='watu-answer-ids' value='423' \/><div class='watu-question-choice'><input type='radio' name='answer-69[]' id='answer-id-423' class='answer answer-4  answerof-69' value='423' \/>&nbsp;<label for='answer-id-423' id='answer-label-423' class=' answer label-4'><span class='answer'>Falskt<\/span><\/label><\/div>\n<\/div><input type='hidden' id='questionType4' value='radio' class=''><\/div><div class='watu-question' id='question-5'><div class='question-content'><p><span class='watu_num'>5. <\/span>P\u00e5 v\u00e5ren d\u00e5 vintervilan upph\u00f6r \u00e5terst\u00e4lls v\u00e4tskebalansen i cellerna, fotosyntesfunktionen \u00e5terupplivas stegvis och vattenf\u00f6rbrukningen kontrolleras strikt.<\/p>\n<\/div><input type='hidden' name='question_id[]' value='70' \/><div class='watu-questions-wrap '><input type='hidden' name='answer_ids[]' class='watu-answer-ids' value='424' \/><div class='watu-question-choice'><input type='radio' name='answer-70[]' id='answer-id-424' class='answer answer-5  answerof-70' value='424' \/>&nbsp;<label for='answer-id-424' id='answer-label-424' class=' answer label-5'><span class='answer'>Sant<\/span><\/label><\/div>\n<input type='hidden' name='answer_ids[]' class='watu-answer-ids' value='425' \/><div class='watu-question-choice'><input type='radio' name='answer-70[]' id='answer-id-425' class='answer answer-5  answerof-70' value='425' \/>&nbsp;<label for='answer-id-425' id='answer-label-425' class=' answer label-5'><span class='answer'>Falskt<\/span><\/label><\/div>\n<\/div><input type='hidden' id='questionType5' value='radio' class=''><\/div><div class='watu-question' id='question-6'><div class='question-content'><p><span class='watu_num'>6. <\/span>Ljuset har en m\u00e4ttande effekt p\u00e5 fotosyntesen. Det inneb\u00e4r att under svaga ljusf\u00f6rh\u00e5llanden kommer fotosyntesen att bli n\u00e4stan line\u00e4rt snabbare d\u00e5 m\u00e4ngden ljus \u00f6kar. D\u00e5 ljusm\u00e4ngden redan \u00e4r stor kommer en ytterligare \u00f6kning att g\u00f6ra fotosyntesen endast litet snabbare.<\/p>\n<\/div><input type='hidden' name='question_id[]' value='71' \/><div class='watu-questions-wrap '><input type='hidden' name='answer_ids[]' class='watu-answer-ids' value='426' \/><div class='watu-question-choice'><input type='radio' name='answer-71[]' id='answer-id-426' class='answer answer-6  answerof-71' value='426' \/>&nbsp;<label for='answer-id-426' id='answer-label-426' class=' answer label-6'><span class='answer'>Sant<\/span><\/label><\/div>\n<input type='hidden' name='answer_ids[]' class='watu-answer-ids' value='427' \/><div class='watu-question-choice'><input type='radio' name='answer-71[]' id='answer-id-427' class='answer answer-6  answerof-71' value='427' \/>&nbsp;<label for='answer-id-427' id='answer-label-427' class=' answer label-6'><span class='answer'>Falskt<\/span><\/label><\/div>\n<\/div><input type='hidden' id='questionType6' value='radio' class=''><\/div><div class='watu-question' id='question-7'><div class='question-content'><p><span class='watu_num'>7. <\/span>I princip g\u00e4ller att ju mer koldioxid, desto mer assimilation, om milj\u00f6f\u00f6rh\u00e5llandena annars \u00e4r gynnsamma.<\/p>\n<\/div><input type='hidden' name='question_id[]' value='72' \/><div class='watu-questions-wrap '><input type='hidden' name='answer_ids[]' class='watu-answer-ids' value='428' \/><div class='watu-question-choice'><input type='radio' name='answer-72[]' id='answer-id-428' class='answer answer-7  answerof-72' value='428' \/>&nbsp;<label for='answer-id-428' id='answer-label-428' class=' answer label-7'><span class='answer'>Sant<\/span><\/label><\/div>\n<input type='hidden' name='answer_ids[]' class='watu-answer-ids' value='429' \/><div class='watu-question-choice'><input type='radio' name='answer-72[]' id='answer-id-429' class='answer answer-7  answerof-72' value='429' \/>&nbsp;<label for='answer-id-429' id='answer-label-429' class=' answer label-7'><span class='answer'>Falskt<\/span><\/label><\/div>\n<\/div><input type='hidden' id='questionType7' value='radio' class=''><\/div><div class='watu-question' id='question-8'><div class='question-content'><p><span class='watu_num'>8. <\/span>Kombinationen av l\u00e5ga temperaturer och intensivt solljus tidigt p\u00e5 v\u00e5ren \u00e4r en sv\u00e5r tid f\u00f6r v\u00e4xterna.<\/p>\n<\/div><input type='hidden' name='question_id[]' value='73' \/><div class='watu-questions-wrap '><input type='hidden' name='answer_ids[]' class='watu-answer-ids' value='430' \/><div class='watu-question-choice'><input type='radio' name='answer-73[]' id='answer-id-430' class='answer answer-8  answerof-73' value='430' \/>&nbsp;<label for='answer-id-430' id='answer-label-430' class=' answer label-8'><span class='answer'>Sant<\/span><\/label><\/div>\n<input type='hidden' name='answer_ids[]' class='watu-answer-ids' value='431' \/><div class='watu-question-choice'><input type='radio' name='answer-73[]' id='answer-id-431' class='answer answer-8  answerof-73' value='431' \/>&nbsp;<label for='answer-id-431' id='answer-label-431' class=' answer label-8'><span class='answer'>Falskt<\/span><\/label><\/div>\n<\/div><input type='hidden' id='questionType8' value='radio' class=''><\/div><div class='watu-question' id='question-9'><div class='question-content'><p><span class='watu_num'>9. <\/span>REW beskriver vilken m\u00e4ngd vatten som \u00e4r anv\u00e4ndbar f\u00f6r v\u00e4xterna.<\/p>\n<\/div><input type='hidden' name='question_id[]' value='74' \/><div class='watu-questions-wrap '><input type='hidden' name='answer_ids[]' class='watu-answer-ids' value='432' \/><div class='watu-question-choice'><input type='radio' name='answer-74[]' id='answer-id-432' class='answer answer-9  answerof-74' value='432' \/>&nbsp;<label for='answer-id-432' id='answer-label-432' class=' answer label-9'><span class='answer'>Sant<\/span><\/label><\/div>\n<input type='hidden' name='answer_ids[]' class='watu-answer-ids' value='433' \/><div class='watu-question-choice'><input type='radio' name='answer-74[]' id='answer-id-433' class='answer answer-9  answerof-74' value='433' \/>&nbsp;<label for='answer-id-433' id='answer-label-433' class=' answer label-9'><span class='answer'>Falskt<\/span><\/label><\/div>\n<\/div><input type='hidden' id='questionType9' value='radio' class=''><\/div><div style='display:none' id='question-10'><br \/><div class='question-content'><img loading=\"lazy\" decoding=\"async\" src=\"https:\/\/www.hiilipuu.fi\/wp-content\/plugins\/watu\/loading.gif\" width=\"16\" height=\"16\" alt=\"Loading ...\" title=\"Loading ...\" \/>&nbsp;Loading &#8230;<\/div><\/div><br \/>\n\t<p>Question <span id='numQ'>1<\/span> of 9<\/p>\n\t\t<input type=\"button\" id=\"next-question\" value=\"Next &gt;\"  \/>\n<input type=\"button\" name=\"action\" onclick=\"Watu.submitResult()\" id=\"action-button\" value=\"Slutf\u00f6r\"  class=\"watu-submit-button\" \/>\n<input type=\"hidden\" name=\"no_ajax\" value=\"0\"><input type=\"hidden\" name=\"quiz_id\" value=\"7\" \/>\n<input type=\"hidden\" id=\"watuStartTime\" name=\"start_time\" value=\"2026-05-02 09:06:22\" \/>\n<\/form>\n<\/div>\n<div id=\"watu-loading-result\" style=\"display:none;\">\n\t<p align=\"center\"><img loading=\"lazy\" decoding=\"async\" src=\"https:\/\/www.hiilipuu.fi\/wp-content\/plugins\/watu\/loading.gif\" width=\"16\" height=\"16\" alt=\"Loading\" title=\"Loading\" \/><\/p>\n<\/div>\t\n<script type=\"text\/javascript\">\nvar exam_id=0;\nvar question_ids='';\nvar watuURL='';\njQuery(function($){\nquestion_ids = \"66,67,68,69,70,71,72,73,74\";\nexam_id = 7;\nWatu.exam_id = exam_id;\nWatu.qArr = question_ids.split(',');\nWatu.post_id = 588;\nWatu.singlePage = '0';\nWatu.hAppID = \"0.50275100 1777712782\";\nwatuURL = \"https:\/\/www.hiilipuu.fi\/wp-admin\/admin-ajax.php\";\nWatu.noAlertUnanswered = 0;\n});\n<\/script>\n","protected":false},"excerpt":{"rendered":"","protected":false},"author":1,"featured_media":0,"parent":0,"menu_order":0,"comment_status":"closed","ping_status":"closed","template":"","meta":{"neve_meta_sidebar":"","neve_meta_container":"","neve_meta_enable_content_width":"","neve_meta_content_width":0,"neve_meta_title_alignment":"","neve_meta_author_avatar":"","neve_post_elements_order":"","neve_meta_disable_header":"","neve_meta_disable_footer":"","neve_meta_disable_title":"","footnotes":""},"class_list":["post-588","page","type-page","status-publish","hentry"],"_links":{"self":[{"href":"https:\/\/www.hiilipuu.fi\/index.php\/wp-json\/wp\/v2\/pages\/588","targetHints":{"allow":["GET"]}}],"collection":[{"href":"https:\/\/www.hiilipuu.fi\/index.php\/wp-json\/wp\/v2\/pages"}],"about":[{"href":"https:\/\/www.hiilipuu.fi\/index.php\/wp-json\/wp\/v2\/types\/page"}],"author":[{"embeddable":true,"href":"https:\/\/www.hiilipuu.fi\/index.php\/wp-json\/wp\/v2\/users\/1"}],"replies":[{"embeddable":true,"href":"https:\/\/www.hiilipuu.fi\/index.php\/wp-json\/wp\/v2\/comments?post=588"}],"version-history":[{"count":2,"href":"https:\/\/www.hiilipuu.fi\/index.php\/wp-json\/wp\/v2\/pages\/588\/revisions"}],"predecessor-version":[{"id":590,"href":"https:\/\/www.hiilipuu.fi\/index.php\/wp-json\/wp\/v2\/pages\/588\/revisions\/590"}],"wp:attachment":[{"href":"https:\/\/www.hiilipuu.fi\/index.php\/wp-json\/wp\/v2\/media?parent=588"}],"curies":[{"name":"wp","href":"https:\/\/api.w.org\/{rel}","templated":true}]}}